{"id":3745,"date":"2024-11-22T06:41:07","date_gmt":"2024-11-22T06:41:07","guid":{"rendered":"https:\/\/www.markergroupe.com\/basari-hikayeleri\/estetik-international-successful-content-distribution\/"},"modified":"2025-06-30T15:21:57","modified_gmt":"2025-06-30T15:21:57","slug":"estetik-international-uluslararasi-icerik-dagitimi","status":"publish","type":"page","link":"https:\/\/www.markergroupe.com\/tr\/basari-hikayeleri\/estetik-international-uluslararasi-icerik-dagitimi\/","title":{"rendered":"Estetik International | Uluslararas\u0131 \u0130\u00e7erik Da\u011f\u0131t\u0131m\u0131"},"content":{"rendered":"<style>#gspb_row-id-gsbp-38de82c{justify-content:space-between;margin-top:0px;margin-bottom:0px;display:flex;flex-wrap:wrap;}#gspb_row-id-gsbp-38de82c > .gspb_row__content{display:flex;justify-content:space-between;margin:0 auto;width:100%;flex-wrap:wrap;}.gspb_row{position:relative;}div[id^=gspb_col-id]{box-sizing:border-box;position:relative;}div[id^=gspb_col-id]{padding:var(--gs-row-column-padding,15px min(3vw,20px));}body.gspb-bodyfront #gspb_row-id-gsbp-38de82c > .gspb_row__content{width:var(--theme-container-width,1200px);}body.gspb-bodyfront #gspb_row-id-gsbp-38de82c > .gspb_row__content{max-width:var(--theme-normal-container-max-width,1200px);}#gspb_row-id-gsbp-38de82c{margin-bottom:60px;padding-top:80px;padding-bottom:80px;}@media (max-width:689.98px){#gspb_row-id-gsbp-38de82c{margin-bottom:30px;padding-top:50px;padding-bottom:50px;}}#gspb_row-id-gsbp-38de82c{background-color:var(--wp--preset--color--palette-color-1,var(--theme-palette-color-1,#F4CE0B));}<\/style>\n<div class=\"wp-block-greenshift-blocks-row alignfull gspb_row gspb_row-id-gsbp-38de82c\" id=\"gspb_row-id-gsbp-38de82c\"><div class=\"gspb_row__content\"> <style>#gspb_col-id-gsbp-099db26.gspb_row__col--12{width:100%;}@media (max-width:689.98px){#gspb_col-id-gsbp-099db26.gspb_row__col--12{width:100%;}}<\/style>\n<div class=\"wp-block-greenshift-blocks-row-column gspb_row__col--12 gspb_col-id-gsbp-099db26\" id=\"gspb_col-id-gsbp-099db26\"><style>@media (max-width:689.98px){#gspb_heading-id-gsbp-d8ae530{font-size:18px;}}#gspb_heading-id-gsbp-d8ae530,#gspb_heading-id-gsbp-d8ae530 .gsap-g-line{text-align:center!important;}#gspb_heading-id-gsbp-d8ae530{margin-bottom:0px;}<\/style>\n<h1 id=\"gspb_heading-id-gsbp-d8ae530\" class=\"gspb_heading gspb_heading-id-gsbp-d8ae530 \">Estetik International | Uluslararas\u0131 \u0130\u00e7erik Da\u011f\u0131t\u0131m\u0131<\/h1>\n<\/div>\n <\/div><\/div>\n\n\n\n<p><strong>Aestheticistanbul Canl\u0131 Cerrahi Sempozyumu, Estetik International\u2019\u0131n ana sponsorlu\u011funda \u0130stanbul\u2019da d\u00fczenlenen ve geni\u015f kat\u0131l\u0131ml\u0131 bir cerrahi etkinliktir.<\/strong><\/p>\n\n\n\n<h5 class=\"wp-block-heading\" id=\"musteri-beklentisi\"><strong>M\u00dc\u015eTER\u0130 BEKLENT\u0130S\u0130<\/strong><\/h5>\n\n\n\n<p>Marka;&nbsp;D\u00fcnyan\u0131n \u00f6nde gelen plastik ve estetik cerrahlar\u0131n\u0131n yer alaca\u011f\u0131 sempozyumun uluslararas\u0131 bas\u0131nda yer almas\u0131n\u0131 istedi.<\/p>\n\n\n\n<h5 class=\"wp-block-heading\" id=\"musteri-icin-yaptigimiz-aktiviteler\"><strong>M\u00dc\u015eTER\u0130 \u0130\u00c7\u0130N YAPTI\u011eIMIZ AKT\u0130V\u0130TELER<\/strong><\/h5>\n\n\n\n<p>Sempozyum i\u00e7in SEO uyumlu i\u00e7erik yaz\u0131lm\u0131\u015ft\u0131r.<\/p>\n\n\n\n<p>Sempozyum duyurusu i\u00e7in;&nbsp;Sa\u011fl\u0131k kategorisinde ABD, Kanada, \u0130ngiltere ve Almanya i\u00e7in bas\u0131n a\u00e7\u0131klamas\u0131 yap\u0131ld\u0131.<\/p>\n\n\n\n<p>\u0130\u00e7erik yay\u0131n\u0131 4 \u00fclkede toplam 678 internet sitesinde yay\u0131nland\u0131.<\/p>\n\n\n\n<p>\u0130\u00e7erik yay\u0131n\u0131na backlink yap\u0131larak okuyucular\u0131n do\u011frudan sempozyum web sitesini ziyaret etmeleri sa\u011flanm\u0131\u015ft\u0131r.<\/p>\n\n\n\n<h5 class=\"wp-block-heading\" id=\"sonuclar\"><strong>&nbsp;SONU\u00c7LAR<\/strong><\/h5>\n\n\n\n<p>678 internet sitesinde yay\u0131nlanan i\u00e7erikler y\u00fcksek okunma oran\u0131na sahipti.<\/p>\n\n\n\n<p>Sempozyumun k\u00fcresel piyasada duyurusu uluslararas\u0131 bas\u0131nda yer ald\u0131.<\/p>\n\n\n\n<p>Web sitesi trafi\u011fi artt\u0131.<\/p>\n\n\n\n<p>Marker Groupe\u2019un sa\u011flad\u0131\u011f\u0131 hizmetler hakk\u0131nda bilgi edinmek i\u00e7in bizimle&nbsp;<a href=\"https:\/\/www.markergroupe.com\/iletisim\"><strong>MarkerGroupe.com<\/strong><\/a>&nbsp;web sitesi \u00fczerinden veya&nbsp;<strong>hello@markergroupe.com<\/strong>&nbsp;e-mail adresi \u00fczerinden ileti\u015fime ge\u00e7ebilirsiniz.<\/p>\n","protected":false},"excerpt":{"rendered":"<p>Aestheticistanbul Canl\u0131 Cerrahi Sempozyumu, Estetik International\u2019\u0131n ana sponsorlu\u011funda \u0130stanbul\u2019da d\u00fczenlenen ve geni\u015f kat\u0131l\u0131ml\u0131 bir cerrahi etkinliktir. M\u00dc\u015eTER\u0130 BEKLENT\u0130S\u0130 Marka;&nbsp;D\u00fcnyan\u0131n \u00f6nde gelen plastik ve estetik cerrahlar\u0131n\u0131n yer alaca\u011f\u0131 sempozyumun uluslararas\u0131 bas\u0131nda yer almas\u0131n\u0131 istedi. M\u00dc\u015eTER\u0130 \u0130\u00c7\u0130N YAPTI\u011eIMIZ AKT\u0130V\u0130TELER Sempozyum i\u00e7in SEO uyumlu i\u00e7erik yaz\u0131lm\u0131\u015ft\u0131r. Sempozyum duyurusu i\u00e7in;&nbsp;Sa\u011fl\u0131k kategorisinde ABD, Kanada, \u0130ngiltere ve Almanya i\u00e7in bas\u0131n a\u00e7\u0131klamas\u0131 [&hellip;]<\/p>\n","protected":false},"author":1,"featured_media":2562,"parent":3454,"menu_order":0,"comment_status":"closed","ping_status":"closed","template":"","meta":{"_gspb_post_css":"","content-type":"","footnotes":""},"class_list":["post-3745","page","type-page","status-publish","has-post-thumbnail","hentry"],"blocksy_meta":[],"_links":{"self":[{"href":"https:\/\/www.markergroupe.com\/tr\/wp-json\/wp\/v2\/pages\/3745","targetHints":{"allow":["GET"]}}],"collection":[{"href":"https:\/\/www.markergroupe.com\/tr\/wp-json\/wp\/v2\/pages"}],"about":[{"href":"https:\/\/www.markergroupe.com\/tr\/wp-json\/wp\/v2\/types\/page"}],"author":[{"embeddable":true,"href":"https:\/\/www.markergroupe.com\/tr\/wp-json\/wp\/v2\/users\/1"}],"replies":[{"embeddable":true,"href":"https:\/\/www.markergroupe.com\/tr\/wp-json\/wp\/v2\/comments?post=3745"}],"version-history":[{"count":0,"href":"https:\/\/www.markergroupe.com\/tr\/wp-json\/wp\/v2\/pages\/3745\/revisions"}],"up":[{"embeddable":true,"href":"https:\/\/www.markergroupe.com\/tr\/wp-json\/wp\/v2\/pages\/3454"}],"wp:featuredmedia":[{"embeddable":true,"href":"https:\/\/www.markergroupe.com\/tr\/wp-json\/wp\/v2\/media\/2562"}],"wp:attachment":[{"href":"https:\/\/www.markergroupe.com\/tr\/wp-json\/wp\/v2\/media?parent=3745"}],"curies":[{"name":"wp","href":"https:\/\/api.w.org\/{rel}","templated":true}]}}

Estetik International | Uluslararası İçerik Dağıtımı

<style>#gspb_row-id-gsbp-38de82c{justify-content:space-between;margin-top:0px;margin-bottom:0px;display:flex;flex-wrap:wrap;}#gspb_row-id-gsbp-38de82c > .gspb_row__content{display:flex;justify-content:space-between;margin:0 auto;width:100%;flex-wrap:wrap;}.gspb_row{position:relative;}div[id^=gspb_col-id]{box-sizing:border-box;position:relative;}div[id^=gspb_col-id]{padding:var(--gs-row-column-padding,15px min(3vw,20px));}body.gspb-bodyfront #gspb_row-id-gsbp-38de82c > .gspb_row__content{width:var(--theme-container-width,1200px);}body.gspb-bodyfront #gspb_row-id-gsbp-38de82c > .gspb_row__content{max-width:var(--theme-normal-container-max-width,1200px);}#gspb_row-id-gsbp-38de82c{margin-bottom:60px;padding-top:80px;padding-bottom:80px;}@media (max-width:689.98px){#gspb_row-id-gsbp-38de82c{margin-bottom:30px;padding-top:50px;padding-bottom:50px;}}#gspb_row-id-gsbp-38de82c{background-color:var(--wp--preset--color--palette-color-1,var(--theme-palette-color-1,#F4CE0B));}</style>
<div class="wp-block-greenshift-blocks-row alignfull gspb_row gspb_row-id-gsbp-38de82c" id="gspb_row-id-gsbp-38de82c"><div class="gspb_row__content"> <style>#gspb_col-id-gsbp-099db26.gspb_row__col--12{width:100%;}@media (max-width:689.98px){#gspb_col-id-gsbp-099db26.gspb_row__col--12{width:100%;}}</style>
<div class="wp-block-greenshift-blocks-row-column gspb_row__col--12 gspb_col-id-gsbp-099db26" id="gspb_col-id-gsbp-099db26"><style>@media (max-width:689.98px){#gspb_heading-id-gsbp-d8ae530{font-size:18px;}}#gspb_heading-id-gsbp-d8ae530,#gspb_heading-id-gsbp-d8ae530 .gsap-g-line{text-align:center!important;}#gspb_heading-id-gsbp-d8ae530{margin-bottom:0px;}</style>
<h1 id="gspb_heading-id-gsbp-d8ae530" class="gspb_heading gspb_heading-id-gsbp-d8ae530 ">Estetik International | Uluslararası İçerik Dağıtımı</h1>
</div>
 </div></div>



<p><strong>Aestheticistanbul Canlı Cerrahi Sempozyumu, Estetik International’ın ana sponsorluğunda İstanbul’da düzenlenen ve geniş katılımlı bir cerrahi etkinliktir.</strong></p>



<h5 class="wp-block-heading" id="musteri-beklentisi"><strong>MÜŞTERİ BEKLENTİSİ</strong></h5>



<p>Marka;&nbsp;Dünyanın önde gelen plastik ve estetik cerrahlarının yer alacağı sempozyumun uluslararası basında yer almasını istedi.</p>



<h5 class="wp-block-heading" id="musteri-icin-yaptigimiz-aktiviteler"><strong>MÜŞTERİ İÇİN YAPTIĞIMIZ AKTİVİTELER</strong></h5>



<p>Sempozyum için SEO uyumlu içerik yazılmıştır.</p>



<p>Sempozyum duyurusu için;&nbsp;Sağlık kategorisinde ABD, Kanada, İngiltere ve Almanya için basın açıklaması yapıldı.</p>



<p>İçerik yayını 4 ülkede toplam 678 internet sitesinde yayınlandı.</p>



<p>İçerik yayınına backlink yapılarak okuyucuların doğrudan sempozyum web sitesini ziyaret etmeleri sağlanmıştır.</p>



<h5 class="wp-block-heading" id="sonuclar"><strong>&nbsp;SONUÇLAR</strong></h5>



<p>678 internet sitesinde yayınlanan içerikler yüksek okunma oranına sahipti.</p>



<p>Sempozyumun küresel piyasada duyurusu uluslararası basında yer aldı.</p>



<p>Web sitesi trafiği arttı.</p>



<p>Marker Groupe’un sağladığı hizmetler hakkında bilgi edinmek için bizimle&nbsp;<a href="https://www.markergroupe.com/iletisim"><strong>MarkerGroupe.com</strong></a>&nbsp;web sitesi üzerinden veya&nbsp;<strong>hello@markergroupe.com</strong>&nbsp;e-mail adresi üzerinden iletişime geçebilirsiniz.</p>

<p>Aestheticistanbul Canlı Cerrahi Sempozyumu, Estetik International’ın ana sponsorluğunda İstanbul’da düzenlenen ve geniş katılımlı bir cerrahi etkinliktir. MÜŞTERİ BEKLENTİSİ Marka;&nbsp;Dünyanın önde gelen plastik ve estetik cerrahlarının yer alacağı sempozyumun uluslararası basında yer almasını istedi. MÜŞTERİ İÇİN YAPTIĞIMIZ AKTİVİTELER Sempozyum için SEO uyumlu içerik yazılmıştır. Sempozyum duyurusu için;&nbsp;Sağlık kategorisinde ABD, Kanada, İngiltere ve Almanya için basın açıklaması [&hellip;]</p>
